{"id":4934,"date":"2024-09-28T14:57:25","date_gmt":"2024-09-28T14:57:25","guid":{"rendered":"https:\/\/cunizab.edu.gt\/?page_id=4934"},"modified":"2024-09-30T23:09:48","modified_gmt":"2024-09-30T23:09:48","slug":"publicacionesiici","status":"publish","type":"page","link":"https:\/\/cunizab.edu.gt\/index.php\/publicacionesiici\/","title":{"rendered":"PublicacionesIICI"},"content":{"rendered":"\t\t<div data-elementor-type=\"wp-page\" data-elementor-id=\"4934\" class=\"elementor elementor-4934\" data-elementor-settings=\"[]\">\n\t\t\t\t\t\t<div class=\"elementor-inner\">\n\t\t\t\t\t\t\t<div class=\"elementor-section-wrap\">\n\t\t\t\t\t\t\t<section class=\"elementor-section elementor-top-section elementor-element elementor-element-4a3bc2d elementor-section-height-min-height elementor-section-boxed elementor-section-height-default elementor-section-items-middle\" data-id=\"4a3bc2d\" data-element_type=\"section\" data-settings=\"{&quot;background_background&quot;:&quot;classic&quot;}\">\n\t\t\t\t\t\t\t<div class=\"elementor-background-overlay\"><\/div>\n\t\t\t\t\t\t\t<div class=\"elementor-container elementor-column-gap-default\">\n\t\t\t\t\t\t\t<div class=\"elementor-row\">\n\t\t\t\t\t<div class=\"elementor-column elementor-col-100 elementor-top-column elementor-element elementor-element-abfbce3 elementor-invisible\" data-id=\"abfbce3\" data-element_type=\"column\" data-settings=\"{&quot;animation&quot;:&quot;fadeInUp&quot;}\">\n\t\t\t<div class=\"elementor-column-wrap elementor-element-populated\">\n\t\t\t\t\t\t\t<div class=\"elementor-widget-wrap\">\n\t\t\t\t\t\t<div class=\"elementor-element elementor-element-52c7476 elementor-widget elementor-widget-heading\" data-id=\"52c7476\" data-element_type=\"widget\" data-widget_type=\"heading.default\">\n\t\t\t\t<div class=\"elementor-widget-container\">\n\t\t\t<h1 class=\"elementor-heading-title elementor-size-default\">Instituto de Investigaciones del Caribe de Izabal - IICI\n<\/h1>\t\t<\/div>\n\t\t\t\t<\/div>\n\t\t\t\t<div class=\"elementor-element elementor-element-d473c45 elementor-widget-divider--view-line elementor-widget elementor-widget-divider\" data-id=\"d473c45\" data-element_type=\"widget\" data-widget_type=\"divider.default\">\n\t\t\t\t<div class=\"elementor-widget-container\">\n\t\t\t\t\t<div class=\"elementor-divider\">\n\t\t\t<span class=\"elementor-divider-separator\">\n\t\t\t\t\t\t<\/span>\n\t\t<\/div>\n\t\t\t\t<\/div>\n\t\t\t\t<\/div>\n\t\t\t\t\t\t<\/div>\n\t\t\t\t\t<\/div>\n\t\t<\/div>\n\t\t\t\t\t\t\t\t<\/div>\n\t\t\t\t\t<\/div>\n\t\t<\/section>\n\t\t\t\t<section class=\"elementor-section elementor-top-section elementor-element elementor-element-9c9c1d1 elementor-section-boxed elementor-section-height-default elementor-section-height-default\" data-id=\"9c9c1d1\" data-element_type=\"section\">\n\t\t\t\t\t\t<div class=\"elementor-container elementor-column-gap-default\">\n\t\t\t\t\t\t\t<div class=\"elementor-row\">\n\t\t\t\t\t<div class=\"elementor-column elementor-col-100 elementor-top-column elementor-element elementor-element-8e7f294\" data-id=\"8e7f294\" data-element_type=\"column\">\n\t\t\t<div class=\"elementor-column-wrap elementor-element-populated\">\n\t\t\t\t\t\t\t<div class=\"elementor-widget-wrap\">\n\t\t\t\t\t\t<div class=\"elementor-element elementor-element-fccc0dd elementor-widget elementor-widget-heading\" data-id=\"fccc0dd\" data-element_type=\"widget\" data-widget_type=\"heading.default\">\n\t\t\t\t<div class=\"elementor-widget-container\">\n\t\t\t<h2 class=\"elementor-heading-title elementor-size-default\">Publicaciones<\/h2>\t\t<\/div>\n\t\t\t\t<\/div>\n\t\t\t\t\t\t<\/div>\n\t\t\t\t\t<\/div>\n\t\t<\/div>\n\t\t\t\t\t\t\t\t<\/div>\n\t\t\t\t\t<\/div>\n\t\t<\/section>\n\t\t\t\t<section class=\"elementor-section elementor-top-section elementor-element elementor-element-3355172 elementor-section-boxed elementor-section-height-default elementor-section-height-default\" data-id=\"3355172\" data-element_type=\"section\">\n\t\t\t\t\t\t<div class=\"elementor-container elementor-column-gap-default\">\n\t\t\t\t\t\t\t<div class=\"elementor-row\">\n\t\t\t\t\t<div class=\"elementor-column elementor-col-25 elementor-top-column elementor-element elementor-element-8285376\" data-id=\"8285376\" data-element_type=\"column\">\n\t\t\t<div class=\"elementor-column-wrap elementor-element-populated\">\n\t\t\t\t\t\t\t<div class=\"elementor-widget-wrap\">\n\t\t\t\t\t\t<div class=\"elementor-element elementor-element-5932d2b elementor-invisible elementor-widget elementor-widget-image\" data-id=\"5932d2b\" data-element_type=\"widget\" data-settings=\"{&quot;motion_fx_motion_fx_mouse&quot;:&quot;yes&quot;,&quot;motion_fx_tilt_effect&quot;:&quot;yes&quot;,&quot;_animation&quot;:&quot;fadeInRight&quot;,&quot;motion_fx_tilt_speed&quot;:{&quot;unit&quot;:&quot;px&quot;,&quot;size&quot;:4,&quot;sizes&quot;:[]}}\" data-widget_type=\"image.default\">\n\t\t\t\t<div class=\"elementor-widget-container\">\n\t\t\t\t\t\t\t\t<div class=\"elementor-image\">\n\t\t\t\t\t\t\t\t\t<figure class=\"wp-caption\">\n\t\t\t\t\t\t\t\t\t\t\t<a href=\"https:\/\/drive.google.com\/file\/d\/1bc-qnwOajmTE706yHeNFlHNaLipTF6G8\/view?usp=sharing\">\n\t\t\t\t\t\t\t<img loading=\"lazy\" decoding=\"async\" width=\"268\" height=\"300\" src=\"https:\/\/cunizab.edu.gt\/wp-content\/uploads\/2024\/09\/Manual-de-Incorporacion-de-residuos-plasticos-al-asfalto-268x300.jpg\" class=\"attachment-medium size-medium\" alt=\"\" srcset=\"https:\/\/cunizab.edu.gt\/wp-content\/uploads\/2024\/09\/Manual-de-Incorporacion-de-residuos-plasticos-al-asfalto-268x300.jpg 268w, https:\/\/cunizab.edu.gt\/wp-content\/uploads\/2024\/09\/Manual-de-Incorporacion-de-residuos-plasticos-al-asfalto-768x858.jpg 768w, https:\/\/cunizab.edu.gt\/wp-content\/uploads\/2024\/09\/Manual-de-Incorporacion-de-residuos-plasticos-al-asfalto-600x670.jpg 600w, https:\/\/cunizab.edu.gt\/wp-content\/uploads\/2024\/09\/Manual-de-Incorporacion-de-residuos-plasticos-al-asfalto-64x72.jpg 64w, https:\/\/cunizab.edu.gt\/wp-content\/uploads\/2024\/09\/Manual-de-Incorporacion-de-residuos-plasticos-al-asfalto.jpg 809w\" sizes=\"auto, (max-width: 268px) 100vw, 268px\" \/>\t\t\t\t\t\t\t\t<\/a>\n\t\t\t\t\t\t\t\t\t\t\t<figcaption class=\"widget-image-caption wp-caption-text\"><b><h2 style=\"color:#007C80;\">Manual de Incorporaci\u00f3n de residuos pl\u00e1sticos al asfalto<\/h2><\/b><\/figcaption>\n\t\t\t\t\t\t\t\t\t\t<\/figure>\n\t\t\t\t\t\t\t\t<\/div>\n\t\t\t\t\t\t<\/div>\n\t\t\t\t<\/div>\n\t\t\t\t\t\t<\/div>\n\t\t\t\t\t<\/div>\n\t\t<\/div>\n\t\t\t\t<div class=\"elementor-column elementor-col-25 elementor-top-column elementor-element elementor-element-b60d5af\" data-id=\"b60d5af\" data-element_type=\"column\">\n\t\t\t<div class=\"elementor-column-wrap elementor-element-populated\">\n\t\t\t\t\t\t\t<div class=\"elementor-widget-wrap\">\n\t\t\t\t\t\t<div class=\"elementor-element elementor-element-4ab7689 elementor-invisible elementor-widget elementor-widget-image\" data-id=\"4ab7689\" data-element_type=\"widget\" data-settings=\"{&quot;motion_fx_motion_fx_mouse&quot;:&quot;yes&quot;,&quot;motion_fx_tilt_effect&quot;:&quot;yes&quot;,&quot;_animation&quot;:&quot;fadeInRight&quot;,&quot;motion_fx_tilt_speed&quot;:{&quot;unit&quot;:&quot;px&quot;,&quot;size&quot;:4,&quot;sizes&quot;:[]}}\" data-widget_type=\"image.default\">\n\t\t\t\t<div class=\"elementor-widget-container\">\n\t\t\t\t\t\t\t\t<div class=\"elementor-image\">\n\t\t\t\t\t\t\t\t\t<figure class=\"wp-caption\">\n\t\t\t\t\t\t\t\t\t\t\t<a href=\"https:\/\/drive.google.com\/file\/d\/16O89SkR7fff5njdwEJYSCPMnvO-iAOY5\/view?usp=sharing\">\n\t\t\t\t\t\t\t<img loading=\"lazy\" decoding=\"async\" width=\"300\" height=\"293\" src=\"https:\/\/cunizab.edu.gt\/wp-content\/uploads\/2024\/09\/Informe-final-de-proyecto-de-investigacion-Calidad-Ambiental-de-Playas.-Ano-2023-300x293.jpg\" class=\"attachment-medium size-medium\" alt=\"\" srcset=\"https:\/\/cunizab.edu.gt\/wp-content\/uploads\/2024\/09\/Informe-final-de-proyecto-de-investigacion-Calidad-Ambiental-de-Playas.-Ano-2023-300x293.jpg 300w, https:\/\/cunizab.edu.gt\/wp-content\/uploads\/2024\/09\/Informe-final-de-proyecto-de-investigacion-Calidad-Ambiental-de-Playas.-Ano-2023-768x751.jpg 768w, https:\/\/cunizab.edu.gt\/wp-content\/uploads\/2024\/09\/Informe-final-de-proyecto-de-investigacion-Calidad-Ambiental-de-Playas.-Ano-2023-600x586.jpg 600w, https:\/\/cunizab.edu.gt\/wp-content\/uploads\/2024\/09\/Informe-final-de-proyecto-de-investigacion-Calidad-Ambiental-de-Playas.-Ano-2023-64x63.jpg 64w, https:\/\/cunizab.edu.gt\/wp-content\/uploads\/2024\/09\/Informe-final-de-proyecto-de-investigacion-Calidad-Ambiental-de-Playas.-Ano-2023.jpg 926w\" sizes=\"auto, (max-width: 300px) 100vw, 300px\" \/>\t\t\t\t\t\t\t\t<\/a>\n\t\t\t\t\t\t\t\t\t\t\t<figcaption class=\"widget-image-caption wp-caption-text\"><b><h2 style=\"color:#007C80;\">Informe final de proyecto de investigaci\u00f3n Calidad Ambiental de Playas. A\u00f1o 2023<\/h2><\/b><\/figcaption>\n\t\t\t\t\t\t\t\t\t\t<\/figure>\n\t\t\t\t\t\t\t\t<\/div>\n\t\t\t\t\t\t<\/div>\n\t\t\t\t<\/div>\n\t\t\t\t\t\t<\/div>\n\t\t\t\t\t<\/div>\n\t\t<\/div>\n\t\t\t\t<div class=\"elementor-column elementor-col-25 elementor-top-column elementor-element elementor-element-b276e1c\" data-id=\"b276e1c\" data-element_type=\"column\">\n\t\t\t<div class=\"elementor-column-wrap elementor-element-populated\">\n\t\t\t\t\t\t\t<div class=\"elementor-widget-wrap\">\n\t\t\t\t\t\t<div class=\"elementor-element elementor-element-7cd7f01 elementor-invisible elementor-widget elementor-widget-image\" data-id=\"7cd7f01\" data-element_type=\"widget\" data-settings=\"{&quot;motion_fx_motion_fx_mouse&quot;:&quot;yes&quot;,&quot;motion_fx_tilt_effect&quot;:&quot;yes&quot;,&quot;_animation&quot;:&quot;fadeInRight&quot;,&quot;motion_fx_tilt_speed&quot;:{&quot;unit&quot;:&quot;px&quot;,&quot;size&quot;:4,&quot;sizes&quot;:[]}}\" data-widget_type=\"image.default\">\n\t\t\t\t<div class=\"elementor-widget-container\">\n\t\t\t\t\t\t\t\t<div class=\"elementor-image\">\n\t\t\t\t\t\t\t\t\t<figure class=\"wp-caption\">\n\t\t\t\t\t\t\t\t\t\t\t<a href=\"https:\/\/drive.google.com\/file\/d\/1bkpuF5avIOhvKvt6BxuZsmNg4HCJ-TBf\/view?usp=sharing\">\n\t\t\t\t\t\t\t<img loading=\"lazy\" decoding=\"async\" width=\"231\" height=\"300\" src=\"https:\/\/cunizab.edu.gt\/wp-content\/uploads\/2024\/09\/Libro-Sub-cuenca-Lago-de-Izabal-y-rio-Dulce-Espanol-231x300.jpg\" class=\"attachment-medium size-medium\" alt=\"\" srcset=\"https:\/\/cunizab.edu.gt\/wp-content\/uploads\/2024\/09\/Libro-Sub-cuenca-Lago-de-Izabal-y-rio-Dulce-Espanol-231x300.jpg 231w, https:\/\/cunizab.edu.gt\/wp-content\/uploads\/2024\/09\/Libro-Sub-cuenca-Lago-de-Izabal-y-rio-Dulce-Espanol-600x778.jpg 600w, https:\/\/cunizab.edu.gt\/wp-content\/uploads\/2024\/09\/Libro-Sub-cuenca-Lago-de-Izabal-y-rio-Dulce-Espanol-64x83.jpg 64w, https:\/\/cunizab.edu.gt\/wp-content\/uploads\/2024\/09\/Libro-Sub-cuenca-Lago-de-Izabal-y-rio-Dulce-Espanol.jpg 725w\" sizes=\"auto, (max-width: 231px) 100vw, 231px\" \/>\t\t\t\t\t\t\t\t<\/a>\n\t\t\t\t\t\t\t\t\t\t\t<figcaption class=\"widget-image-caption wp-caption-text\"><b><h2 style=\"color:#007C80;\">Libro Sub-cuenca Lago de Izabal y r\u00edo Dulce Espa\u00f1ol<\/h2><\/b><\/figcaption>\n\t\t\t\t\t\t\t\t\t\t<\/figure>\n\t\t\t\t\t\t\t\t<\/div>\n\t\t\t\t\t\t<\/div>\n\t\t\t\t<\/div>\n\t\t\t\t\t\t<\/div>\n\t\t\t\t\t<\/div>\n\t\t<\/div>\n\t\t\t\t<div class=\"elementor-column elementor-col-25 elementor-top-column elementor-element elementor-element-e6e5fcb\" data-id=\"e6e5fcb\" data-element_type=\"column\">\n\t\t\t<div class=\"elementor-column-wrap elementor-element-populated\">\n\t\t\t\t\t\t\t<div class=\"elementor-widget-wrap\">\n\t\t\t\t\t\t<div class=\"elementor-element elementor-element-948eccd elementor-invisible elementor-widget elementor-widget-image\" data-id=\"948eccd\" data-element_type=\"widget\" data-settings=\"{&quot;motion_fx_motion_fx_mouse&quot;:&quot;yes&quot;,&quot;motion_fx_tilt_effect&quot;:&quot;yes&quot;,&quot;_animation&quot;:&quot;fadeInRight&quot;,&quot;motion_fx_tilt_speed&quot;:{&quot;unit&quot;:&quot;px&quot;,&quot;size&quot;:4,&quot;sizes&quot;:[]}}\" data-widget_type=\"image.default\">\n\t\t\t\t<div class=\"elementor-widget-container\">\n\t\t\t\t\t\t\t\t<div class=\"elementor-image\">\n\t\t\t\t\t\t\t\t\t<figure class=\"wp-caption\">\n\t\t\t\t\t\t\t\t\t\t\t<a href=\"https:\/\/drive.google.com\/file\/d\/1GWHWxMlc4qdH4bHa27vEDaHBwsMUYNfi\/view?usp=sharing\">\n\t\t\t\t\t\t\t<img loading=\"lazy\" decoding=\"async\" width=\"252\" height=\"300\" src=\"https:\/\/cunizab.edu.gt\/wp-content\/uploads\/2024\/09\/Informe-final-de-proyecto-de-investigacion-Manglares-y-Fragmentacion.-Ano-2023-252x300.jpg\" class=\"attachment-medium size-medium\" alt=\"\" srcset=\"https:\/\/cunizab.edu.gt\/wp-content\/uploads\/2024\/09\/Informe-final-de-proyecto-de-investigacion-Manglares-y-Fragmentacion.-Ano-2023-252x300.jpg 252w, https:\/\/cunizab.edu.gt\/wp-content\/uploads\/2024\/09\/Informe-final-de-proyecto-de-investigacion-Manglares-y-Fragmentacion.-Ano-2023-600x714.jpg 600w, https:\/\/cunizab.edu.gt\/wp-content\/uploads\/2024\/09\/Informe-final-de-proyecto-de-investigacion-Manglares-y-Fragmentacion.-Ano-2023-64x76.jpg 64w, https:\/\/cunizab.edu.gt\/wp-content\/uploads\/2024\/09\/Informe-final-de-proyecto-de-investigacion-Manglares-y-Fragmentacion.-Ano-2023.jpg 726w\" sizes=\"auto, (max-width: 252px) 100vw, 252px\" \/>\t\t\t\t\t\t\t\t<\/a>\n\t\t\t\t\t\t\t\t\t\t\t<figcaption class=\"widget-image-caption wp-caption-text\"><b><h2 style=\"color:#007C80;\">Informe final de proyecto de investigaci\u00f3n Manglares y Fragmentaci\u00f3n. A\u00f1o 2023<\/h2><\/b><\/figcaption>\n\t\t\t\t\t\t\t\t\t\t<\/figure>\n\t\t\t\t\t\t\t\t<\/div>\n\t\t\t\t\t\t<\/div>\n\t\t\t\t<\/div>\n\t\t\t\t\t\t<\/div>\n\t\t\t\t\t<\/div>\n\t\t<\/div>\n\t\t\t\t\t\t\t\t<\/div>\n\t\t\t\t\t<\/div>\n\t\t<\/section>\n\t\t\t\t\t\t<\/div>\n\t\t\t\t\t\t<\/div>\n\t\t\t\t\t<\/div>\n\t\t ","protected":false},"excerpt":{"rendered":"<p>Instituto de Investigaciones del Caribe de Izabal &#8211; IICI Publicaciones Manual de Incorporaci\u00f3n de residuos pl\u00e1sticos al asfalto Informe final de proyecto de investigaci\u00f3n Calidad Ambiental de Playas. A\u00f1o 2023 Libro Sub-cuenca Lago de Izabal y r\u00edo Dulce Espa\u00f1ol Informe final de proyecto de investigaci\u00f3n Manglares y Fragmentaci\u00f3n. A\u00f1o 2023<\/p>\n","protected":false},"author":1,"featured_media":0,"parent":0,"menu_order":0,"comment_status":"closed","ping_status":"closed","template":"","meta":{"footnotes":""},"class_list":["post-4934","page","type-page","status-publish","hentry"],"_links":{"self":[{"href":"https:\/\/cunizab.edu.gt\/index.php\/wp-json\/wp\/v2\/pages\/4934","targetHints":{"allow":["GET"]}}],"collection":[{"href":"https:\/\/cunizab.edu.gt\/index.php\/wp-json\/wp\/v2\/pages"}],"about":[{"href":"https:\/\/cunizab.edu.gt\/index.php\/wp-json\/wp\/v2\/types\/page"}],"author":[{"embeddable":true,"href":"https:\/\/cunizab.edu.gt\/index.php\/wp-json\/wp\/v2\/users\/1"}],"replies":[{"embeddable":true,"href":"https:\/\/cunizab.edu.gt\/index.php\/wp-json\/wp\/v2\/comments?post=4934"}],"version-history":[{"count":28,"href":"https:\/\/cunizab.edu.gt\/index.php\/wp-json\/wp\/v2\/pages\/4934\/revisions"}],"predecessor-version":[{"id":5045,"href":"https:\/\/cunizab.edu.gt\/index.php\/wp-json\/wp\/v2\/pages\/4934\/revisions\/5045"}],"wp:attachment":[{"href":"https:\/\/cunizab.edu.gt\/index.php\/wp-json\/wp\/v2\/media?parent=4934"}],"curies":[{"name":"wp","href":"https:\/\/api.w.org\/{rel}","templated":true}]}}