{"id":3933,"date":"2024-03-07T13:33:19","date_gmt":"2024-03-07T13:33:19","guid":{"rendered":"https:\/\/cunizab.edu.gt\/?page_id=3933"},"modified":"2024-03-07T13:44:18","modified_gmt":"2024-03-07T13:44:18","slug":"requisitosbufetepopular","status":"publish","type":"page","link":"https:\/\/cunizab.edu.gt\/index.php\/requisitosbufetepopular\/","title":{"rendered":"RequisitosBufetePopular"},"content":{"rendered":"\t\t<div data-elementor-type=\"wp-page\" data-elementor-id=\"3933\" class=\"elementor elementor-3933\" data-elementor-settings=\"[]\">\n\t\t\t\t\t\t<div class=\"elementor-inner\">\n\t\t\t\t\t\t\t<div class=\"elementor-section-wrap\">\n\t\t\t\t\t\t\t<section class=\"elementor-section elementor-top-section elementor-element elementor-element-4a3bc2d elementor-section-height-min-height elementor-section-boxed elementor-section-height-default elementor-section-items-middle\" data-id=\"4a3bc2d\" data-element_type=\"section\" data-settings=\"{&quot;background_background&quot;:&quot;classic&quot;}\">\n\t\t\t\t\t\t\t<div class=\"elementor-background-overlay\"><\/div>\n\t\t\t\t\t\t\t<div class=\"elementor-container elementor-column-gap-default\">\n\t\t\t\t\t\t\t<div class=\"elementor-row\">\n\t\t\t\t\t<div class=\"elementor-column elementor-col-100 elementor-top-column elementor-element elementor-element-abfbce3 elementor-invisible\" data-id=\"abfbce3\" data-element_type=\"column\" data-settings=\"{&quot;animation&quot;:&quot;fadeInUp&quot;}\">\n\t\t\t<div class=\"elementor-column-wrap elementor-element-populated\">\n\t\t\t\t\t\t\t<div class=\"elementor-widget-wrap\">\n\t\t\t\t\t\t<div class=\"elementor-element elementor-element-52c7476 elementor-widget elementor-widget-heading\" data-id=\"52c7476\" data-element_type=\"widget\" data-widget_type=\"heading.default\">\n\t\t\t\t<div class=\"elementor-widget-container\">\n\t\t\t<h1 class=\"elementor-heading-title elementor-size-default\">Bufete Popular<\/h1>\t\t<\/div>\n\t\t\t\t<\/div>\n\t\t\t\t<div class=\"elementor-element elementor-element-d473c45 elementor-widget-divider--view-line elementor-widget elementor-widget-divider\" data-id=\"d473c45\" data-element_type=\"widget\" data-widget_type=\"divider.default\">\n\t\t\t\t<div class=\"elementor-widget-container\">\n\t\t\t\t\t<div class=\"elementor-divider\">\n\t\t\t<span class=\"elementor-divider-separator\">\n\t\t\t\t\t\t<\/span>\n\t\t<\/div>\n\t\t\t\t<\/div>\n\t\t\t\t<\/div>\n\t\t\t\t\t\t<\/div>\n\t\t\t\t\t<\/div>\n\t\t<\/div>\n\t\t\t\t\t\t\t\t<\/div>\n\t\t\t\t\t<\/div>\n\t\t<\/section>\n\t\t\t\t<section class=\"elementor-section elementor-top-section elementor-element elementor-element-9c9c1d1 elementor-section-boxed elementor-section-height-default elementor-section-height-default\" data-id=\"9c9c1d1\" data-element_type=\"section\">\n\t\t\t\t\t\t<div class=\"elementor-container elementor-column-gap-default\">\n\t\t\t\t\t\t\t<div class=\"elementor-row\">\n\t\t\t\t\t<div class=\"elementor-column elementor-col-100 elementor-top-column elementor-element elementor-element-8e7f294\" data-id=\"8e7f294\" data-element_type=\"column\">\n\t\t\t<div class=\"elementor-column-wrap elementor-element-populated\">\n\t\t\t\t\t\t\t<div class=\"elementor-widget-wrap\">\n\t\t\t\t\t\t<div class=\"elementor-element elementor-element-fccc0dd elementor-widget elementor-widget-heading\" data-id=\"fccc0dd\" data-element_type=\"widget\" data-widget_type=\"heading.default\">\n\t\t\t\t<div class=\"elementor-widget-container\">\n\t\t\t<h2 class=\"elementor-heading-title elementor-size-default\">Requisitos para realizar la pr\u00e1ctica en el Bufete Popular<\/h2>\t\t<\/div>\n\t\t\t\t<\/div>\n\t\t\t\t\t\t<\/div>\n\t\t\t\t\t<\/div>\n\t\t<\/div>\n\t\t\t\t\t\t\t\t<\/div>\n\t\t\t\t\t<\/div>\n\t\t<\/section>\n\t\t\t\t<section class=\"elementor-section elementor-top-section elementor-element elementor-element-de69188 elementor-section-boxed elementor-section-height-default elementor-section-height-default\" data-id=\"de69188\" data-element_type=\"section\">\n\t\t\t\t\t\t<div class=\"elementor-container elementor-column-gap-default\">\n\t\t\t\t\t\t\t<div class=\"elementor-row\">\n\t\t\t\t\t<div class=\"elementor-column elementor-col-100 elementor-top-column elementor-element elementor-element-d5d1abe\" data-id=\"d5d1abe\" data-element_type=\"column\" data-settings=\"{&quot;background_background&quot;:&quot;classic&quot;}\">\n\t\t\t<div class=\"elementor-column-wrap elementor-element-populated\">\n\t\t\t\t\t\t\t<div class=\"elementor-widget-wrap\">\n\t\t\t\t\t\t<div class=\"elementor-element elementor-element-3ab58d9 elementor-widget elementor-widget-heading\" data-id=\"3ab58d9\" data-element_type=\"widget\" data-widget_type=\"heading.default\">\n\t\t\t\t<div class=\"elementor-widget-container\">\n\t\t\t<h2 class=\"elementor-heading-title elementor-size-default\">Requisitos<\/h2>\t\t<\/div>\n\t\t\t\t<\/div>\n\t\t\t\t<div class=\"elementor-element elementor-element-41d7975 elementor-widget elementor-widget-text-editor\" data-id=\"41d7975\" data-element_type=\"widget\" data-widget_type=\"text-editor.default\">\n\t\t\t\t<div class=\"elementor-widget-container\">\n\t\t\t\t\t\t\t\t<div class=\"elementor-text-editor elementor-clearfix\">\n\t\t\t\t\t<ul><li>El Bufete Popular del Centro Universitario de Izabal -Cunizab- se encuentra abierto para los estudiantes de la Carrera de Licenciatura en Ciencias Jur\u00eddicas y Sociales, Abogado y Notario, que hayan aprobado los cursos procesales te\u00f3rico y pr\u00e1ctico de la rama del Derecho en la que van a realizar su pr\u00e1ctica. Los requisitos de inscripci\u00f3n son los siguientes:<\/li><\/ul><div><div><b>FECHAS DE INSCRIPCI\u00d3N: Las fechas de inscripci\u00f3n se aperturan en febrero y julio (estar atentos a las publicaciones).<\/b><\/div><div><span style=\"font-size: 15px; font-style: normal; font-weight: bold; color: var( --e-global-color-text ); font-family: var( --e-global-typography-text-font-family ), Sans-serif;\">\u00a0<\/span><\/div><div><span style=\"font-size: 15px; font-style: normal; font-weight: bold; color: var( --e-global-color-text ); font-family: var( --e-global-typography-text-font-family ), Sans-serif;\">REQUISITOS DE INSCRIPCI\u00d3N:<\/span><\/div><div><ul><li>DPI Vigente<\/li><li>Certificaci\u00f3n de cursos aprobados<\/li><li>Solvencia de Biblioteca<\/li><li>Constancia de inscripci\u00f3n del a\u00f1o en curso<\/li><li>Matr\u00edcula consolidada (en caso que aplique)<\/li><\/ul><\/div><div>Para mayor informaci\u00f3n, es posible contactar al correo bufete.popular@cunizab.edu.gt<\/div><\/div>\t\t\t\t\t<\/div>\n\t\t\t\t\t\t<\/div>\n\t\t\t\t<\/div>\n\t\t\t\t\t\t<\/div>\n\t\t\t\t\t<\/div>\n\t\t<\/div>\n\t\t\t\t\t\t\t\t<\/div>\n\t\t\t\t\t<\/div>\n\t\t<\/section>\n\t\t\t\t<section class=\"elementor-section elementor-top-section elementor-element elementor-element-d1fec04 elementor-section-boxed elementor-section-height-default elementor-section-height-default\" data-id=\"d1fec04\" data-element_type=\"section\">\n\t\t\t\t\t\t<div class=\"elementor-container elementor-column-gap-default\">\n\t\t\t\t\t\t\t<div class=\"elementor-row\">\n\t\t\t\t\t<div class=\"elementor-column elementor-col-50 elementor-top-column elementor-element elementor-element-67363c7\" data-id=\"67363c7\" data-element_type=\"column\">\n\t\t\t<div class=\"elementor-column-wrap elementor-element-populated\">\n\t\t\t\t\t\t\t<div class=\"elementor-widget-wrap\">\n\t\t\t\t\t\t<div class=\"elementor-element elementor-element-694a9a9 elementor-widget elementor-widget-image\" data-id=\"694a9a9\" data-element_type=\"widget\" data-widget_type=\"image.default\">\n\t\t\t\t<div class=\"elementor-widget-container\">\n\t\t\t\t\t\t\t\t<div class=\"elementor-image\">\n\t\t\t\t\t\t\t\t\t\t\t\t<img loading=\"lazy\" decoding=\"async\" width=\"1024\" height=\"682\" src=\"https:\/\/cunizab.edu.gt\/wp-content\/uploads\/2024\/03\/WhatsApp-Image-2024-03-06-at-4.53.26-PM-1024x682.jpeg\" class=\"attachment-large size-large\" alt=\"\" srcset=\"https:\/\/cunizab.edu.gt\/wp-content\/uploads\/2024\/03\/WhatsApp-Image-2024-03-06-at-4.53.26-PM-1024x682.jpeg 1024w, https:\/\/cunizab.edu.gt\/wp-content\/uploads\/2024\/03\/WhatsApp-Image-2024-03-06-at-4.53.26-PM-300x200.jpeg 300w, https:\/\/cunizab.edu.gt\/wp-content\/uploads\/2024\/03\/WhatsApp-Image-2024-03-06-at-4.53.26-PM-768x512.jpeg 768w, https:\/\/cunizab.edu.gt\/wp-content\/uploads\/2024\/03\/WhatsApp-Image-2024-03-06-at-4.53.26-PM-600x400.jpeg 600w, https:\/\/cunizab.edu.gt\/wp-content\/uploads\/2024\/03\/WhatsApp-Image-2024-03-06-at-4.53.26-PM-64x43.jpeg 64w, https:\/\/cunizab.edu.gt\/wp-content\/uploads\/2024\/03\/WhatsApp-Image-2024-03-06-at-4.53.26-PM.jpeg 1280w\" sizes=\"auto, (max-width: 1024px) 100vw, 1024px\" \/>\t\t\t\t\t\t\t\t\t\t\t\t\t\t<\/div>\n\t\t\t\t\t\t<\/div>\n\t\t\t\t<\/div>\n\t\t\t\t\t\t<\/div>\n\t\t\t\t\t<\/div>\n\t\t<\/div>\n\t\t\t\t<div class=\"elementor-column elementor-col-50 elementor-top-column elementor-element elementor-element-3982d71\" data-id=\"3982d71\" data-element_type=\"column\">\n\t\t\t<div class=\"elementor-column-wrap elementor-element-populated\">\n\t\t\t\t\t\t\t<div class=\"elementor-widget-wrap\">\n\t\t\t\t\t\t<div class=\"elementor-element elementor-element-d046775 elementor-widget elementor-widget-image\" data-id=\"d046775\" data-element_type=\"widget\" data-widget_type=\"image.default\">\n\t\t\t\t<div class=\"elementor-widget-container\">\n\t\t\t\t\t\t\t\t<div class=\"elementor-image\">\n\t\t\t\t\t\t\t\t\t\t\t\t<img loading=\"lazy\" decoding=\"async\" width=\"1024\" height=\"682\" src=\"https:\/\/cunizab.edu.gt\/wp-content\/uploads\/2024\/03\/WhatsApp-Image-2024-03-06-at-4.53.51-PM-1024x682.jpeg\" class=\"attachment-large size-large\" alt=\"\" srcset=\"https:\/\/cunizab.edu.gt\/wp-content\/uploads\/2024\/03\/WhatsApp-Image-2024-03-06-at-4.53.51-PM-1024x682.jpeg 1024w, https:\/\/cunizab.edu.gt\/wp-content\/uploads\/2024\/03\/WhatsApp-Image-2024-03-06-at-4.53.51-PM-300x200.jpeg 300w, https:\/\/cunizab.edu.gt\/wp-content\/uploads\/2024\/03\/WhatsApp-Image-2024-03-06-at-4.53.51-PM-768x512.jpeg 768w, https:\/\/cunizab.edu.gt\/wp-content\/uploads\/2024\/03\/WhatsApp-Image-2024-03-06-at-4.53.51-PM-600x400.jpeg 600w, https:\/\/cunizab.edu.gt\/wp-content\/uploads\/2024\/03\/WhatsApp-Image-2024-03-06-at-4.53.51-PM-64x43.jpeg 64w, https:\/\/cunizab.edu.gt\/wp-content\/uploads\/2024\/03\/WhatsApp-Image-2024-03-06-at-4.53.51-PM.jpeg 1280w\" sizes=\"auto, (max-width: 1024px) 100vw, 1024px\" \/>\t\t\t\t\t\t\t\t\t\t\t\t\t\t<\/div>\n\t\t\t\t\t\t<\/div>\n\t\t\t\t<\/div>\n\t\t\t\t\t\t<\/div>\n\t\t\t\t\t<\/div>\n\t\t<\/div>\n\t\t\t\t\t\t\t\t<\/div>\n\t\t\t\t\t<\/div>\n\t\t<\/section>\n\t\t\t\t\t\t<\/div>\n\t\t\t\t\t\t<\/div>\n\t\t\t\t\t<\/div>\n\t\t ","protected":false},"excerpt":{"rendered":"<p>Bufete Popular Requisitos para realizar la pr\u00e1ctica en el Bufete Popular Requisitos El Bufete Popular del Centro Universitario de Izabal -Cunizab- se encuentra abierto para los estudiantes de la Carrera de Licenciatura en Ciencias Jur\u00eddicas y Sociales, Abogado y Notario, que hayan aprobado los cursos procesales te\u00f3rico y pr\u00e1ctico de la rama del Derecho en &hellip;<\/p>\n<p class=\"read-more\"> <a class=\"\" href=\"https:\/\/cunizab.edu.gt\/index.php\/requisitosbufetepopular\/\"> <span class=\"screen-reader-text\">RequisitosBufetePopular<\/span> Read More &raquo;<\/a><\/p>\n","protected":false},"author":1,"featured_media":0,"parent":0,"menu_order":0,"comment_status":"closed","ping_status":"closed","template":"","meta":{"footnotes":""},"class_list":["post-3933","page","type-page","status-publish","hentry"],"_links":{"self":[{"href":"https:\/\/cunizab.edu.gt\/index.php\/wp-json\/wp\/v2\/pages\/3933","targetHints":{"allow":["GET"]}}],"collection":[{"href":"https:\/\/cunizab.edu.gt\/index.php\/wp-json\/wp\/v2\/pages"}],"about":[{"href":"https:\/\/cunizab.edu.gt\/index.php\/wp-json\/wp\/v2\/types\/page"}],"author":[{"embeddable":true,"href":"https:\/\/cunizab.edu.gt\/index.php\/wp-json\/wp\/v2\/users\/1"}],"replies":[{"embeddable":true,"href":"https:\/\/cunizab.edu.gt\/index.php\/wp-json\/wp\/v2\/comments?post=3933"}],"version-history":[{"count":4,"href":"https:\/\/cunizab.edu.gt\/index.php\/wp-json\/wp\/v2\/pages\/3933\/revisions"}],"predecessor-version":[{"id":3946,"href":"https:\/\/cunizab.edu.gt\/index.php\/wp-json\/wp\/v2\/pages\/3933\/revisions\/3946"}],"wp:attachment":[{"href":"https:\/\/cunizab.edu.gt\/index.php\/wp-json\/wp\/v2\/media?parent=3933"}],"curies":[{"name":"wp","href":"https:\/\/api.w.org\/{rel}","templated":true}]}}